 2 = 3*k - 10. Suppose -2*o + k*o = 28. What are the prime factors of o?
2, 7
Let f(m) = -m**2 + 7*m + 6. Let g be f(6). Let k be ((-20)/g)/(2/36). Let j = -18 - k. List the prime factors of j.
2, 3
Let v = 77 + -17. What are the prime factors of v?
2, 3, 5
Let p be 3/((-9)/6) - -5. Suppose -4*r - 13 = -p*r. Let g = r - -18. List the prime factors of g.
5
Let u be 2/6 + (-400)/(-6). Suppose -u = -4*r + 61. Suppose 3*a - 2*v + 7*v = r, 5*a - 5*v = 0. List the prime factors of a.
2
Let j(b) = b**3 + b**2 + b + 8. Let i be j(0). Suppose 2*x - 61 = q, -x + 5*q + i = -0*q. List the prime factors of x.
3, 11
Suppose 0 = 2*q - 29 + 3. Suppose 5*c + g - 66 = 0, -2*c + 4*g + 31 + q = 0. What are the prime factors of c?
2, 7
Let p = 150 + -18. List the prime factors of p.
2, 3, 11
Suppose 3 + 13 = 4*m. List the prime factors of m.
2
Let r = 1 - 2. Let i = r + 4. What are the prime factors of i?
3
List the prime factors of (-113)/(-6) - (-1)/6.
19
Suppose 0 = -2*p + 3*l - 3 - 2, -p = -5*l + 20. What are the prime factors of p?
5
Let p = 6 - -25. List the prime factors of p.
31
What are the prime factors of (-1688)/(-28) + 6/(-21)?
2, 3, 5
Suppose -6 = 4*f - 2. Let o = f - -4. List the prime factors of o.
3
Suppose 0 = -3*b - 20 + 122. List the prime factors of b.
2, 17
Let b = -4 - -4. Suppose -2*n = 6, 5*d + 5 = -b*d - 5*n. Suppose 0 = -3*r - 4*s + 14, -6*r + 44 = -d*r - s. What are the prime factors of r?
2, 5
Suppose 0*v + 10 = -v. Let q = 8 - v. List the prime factors of q.
2, 3
Suppose -2*d = 2*d + 8. Let n(g) = 3*g + 2 + 4*g + g**3 - 5*g + 3*g**2. What are the prime factors of n(d)?
2
Suppose -6*u + 8*u = 132. What are the prime factors of u?
2, 3, 11
Suppose 0 = -5*k - 0*k + 540. List the prime factors of k.
2, 3
Let x(w) = -w**2 + 5*w. Let a be x(3). Let n = a + -4. Suppose 2*d + 20 = n*v, -2 = -2*v - 2*d + 6. What are the prime factors of v?
7
Let u = 16 - -47. Suppose 4*d - u = 5. List the prime factors of d.
17
Suppose 4*h + 0*h + 5*y + 17 = 0, 5*h = -y + 5. Suppose -8 = -h*s - 0. List the prime factors of s - (-2 + 2 + -2).
2, 3
Suppose -2*m = 2*m + 8. Let y be (0 - (-1 - 3)) + 0. Let i = y + m. List the prime factors of i.
2
Suppose -t + 3*t + 34 = 0. Let c = 24 + t. What are the prime factors of c?
7
Suppose 3*d = 6*d + 12, 29 = -h - 3*d. Let r = h + 37. List the prime factors of r.
2, 5
Let c be (0 + -1)/1 - -1. Suppose 4*z + 8 + 8 = c. What are the prime factors of (z/8)/((-1)/12)?
2, 3
Let q be (-231)/(-2) + 3/6. Let r be (-4)/10 + q/(-10). List the prime factors of (-12)/(-2)*r/(-9).
2
Let q(j) = -5*j - 6. What are the prime factors of q(-8)?
2, 17
Let g(f) = -f - 15. Let t(l) = 2*l + 30. Let r(a) = 5*g(a) + 3*t(a). What are the prime factors of r(-9)?
2, 3
Suppose -3*t - 86 + 19 = -5*l, -3*l = -t - 37. What are the prime factors of l?
11
Let a(l) = l - 7. Let q be a(8). Let g = -2 + q. List the prime factors of -1 - (-18*1 - g).
2
Suppose -r + 2*q = 4, -r + 2 - 7 = -q. Let p = -6 - r. Suppose -3*t + 19 - 4 = p. What are the prime factors of t?
5
Let z(k) = k**2 + 4*k. Let a = -9 + 16. Suppose -a - 3 = 2*b. List the prime factors of z(b).
5
Suppose -3*c - 4*o = -3*o - 76, -2*c - 4*o + 44 = 0. List the prime factors of c.
2, 13
Let g = -52 - -36. What are the prime factors of ((g - 3) + 1)*-1?
2, 3
Let t(i) be the first derivative of i**6/120 + i**5/120 - i**4/12 - i**3 + 2. Let h(k) be the third derivative of t(k). List the prime factors of h(-2).
2
Let j(u) be the third derivative of 1/10*u**5 - 1/12*u**4 + 1/120*u**6 + 2*u**2 + 0 - 1/3*u**3 + 0*u. What are the prime factors of j(-6)?
2, 5
Let v(d) = -2*d**3 + 19*d**2 - d + 9. What are the prime factors of v(9)?
3
Suppose -5*o - 3*l = 240, 18 = 5*o - 4*l + 258. Let g = 93 + o. What are the prime factors of g?
3, 5
Suppose -170 + 1718 = 6*z. List the prime factors of z.
2, 3, 43
Suppose 0 = -n + 3*n - 30. Suppose -15 = -2*x + n. What are the prime factors of x?
3, 5
Let t = -128 + 299. What are the prime factors of t?
3, 19
Suppose -5*c - 2 - 38 = 0. What are the prime factors of 1 - (-2 - c/(-1))?
11
Let x(n) = -2*n - 3. Let m be x(-5). Suppose 3*i + 2 = -4. What are the prime factors of 37/7 + i/m?
5
Let o be 1/((-3)/(-45)*3). Suppose 25 = u + 2*h, 4*u - 42 = o*h + 45. List the prime factors of u.
23
Let d = 4 + -2. Suppose -d*x + 56 = -5*x + 5*n, n = 4. Let z = -3 - x. List the prime factors of z.
3
What are the prime factors of 339/9 + (-4)/6?
37
Let v(h) = -h**2 + 6*h + 8. Let r be v(7). Let d be r/(8/7 - 1). Suppose d*p - 55 = 2*p. List the prime factors of p.
11
Suppose 79 = r - 0*r + 2*t, -83 = -r - 4*t. List the prime factors of r.
3, 5
Let f(z) = -z**3 - 3*z**2 + 6*z + 4. Let i(x) = -2*x**3 - 5*x**2 + 13*x + 9. Let w = 6 - 3. Let u(s) = w*i(s) - 7*f(s). What are the prime factors of u(-6)?
17
Let t = 14 - 7. List the prime factors of t.
7
Let a be 1*(0/(-2) + 4). Suppose 52 = 5*m - 4*x + 12, -5*x = -m + 29. Let b = m + a. What are the prime factors of b?
2
Let m be (2/(-2))/((-11)/132). What are the prime factors of m/4*(-4)/(-6)?
2
Let j(q) = -q**3 + 5*q**2 + 10*q + 2. Let x(t) = -t. Let l(y) = -j(y) - 2*x(y). List the prime factors of l(7).
2, 5
Let a(j) = j**3 + 7*j**2. Let s be a(-5). Suppose -3*g + 3*p + 2*p + s = 0, -4*g + 52 = -3*p. Let v = -4 + g. List the prime factors of v.
2, 3
Suppose 9 = -f + 4*f. Suppose 0 = 2*q - f*q + 10. What are the prime factors of q?
2, 5
Let y = 38 + 2. Suppose 2*a + 5*k - y - 9 = 0, 5*a - 148 = -4*k. List the prime factors of (-9)/(-2)*a/12.
2, 3
Suppose 33 + 187 = 5*x. List the prime factors of x.
2, 11
Suppose -6*m + m = -120. Suppose 0 = 5*r + 3*x - m, 7*r - 4*r - x - 20 = 0. What are the prime factors of r?
2, 3
Let r be -2*2*(-7)/(-4). Let v be -1 - 1 - (r + 5). Suppose v = -3*a - 2*c + 8 + 35, -c = -2*a + 17. List the prime factors of a.
11
Let s = 20 - 17. Suppose s*i + 4*q + 0 = 118, -q - 64 = -2*i. List the prime factors of i.
2, 17
Let r = 23 - 15. Let t be 6/8 + (-94)/r. List the prime factors of t/((1 + 1)/(-2)).
11
Let c = 9 - 4. Suppose c*p = -28 + 8. What are the prime factors of ((-4)/5)/(p/10)?
2
Suppose 15*w = 19*w - 316. What are the prime factors of w?
79
Suppose 19 = 5*p + 4*h, -2*h + 3 = 1. Suppose 5*z = -5*o + 15, o - p - 18 = -4*z. List the prime factors of (-3)/3 + z + 2.
7
What are the prime factors of (-1 + -5)/(1444/(-240) - -6)?
2, 3, 5
Let k(a) = 2*a + 2. Suppose 110 = 5*s + 5*l, -3*s - 19 = -2*l - 85. Suppose 3*o - 2*x - 56 = -2*o, -s = -o + 4*x. List the prime factors of k(o).
2, 11
Let q be 98/8 + (-2)/8. Let a(o) be the first derivative of -o**3/3 + 6*o**2 + 15*o - 9. List the prime factors of a(q).
3, 5
Let i(c) = 3*c**2 - 9*c - 2. Let f(x) = -8*x**2 + 26*x + 6. Let a(r) = 4*f(r) + 11*i(r). Let u be a(-5). Suppose -u*g + 2 + 6 = 0. List the prime factors of g.
2
Suppose 50 = 3*n + 2*n. Let l = -4 + n. What are the prime factors of l?
2, 3
Suppose 2*i - 680 = -3*i. What are the prime factors of i?
2, 17
Suppose 0 = -9*l + 12*l - 630. What are the prime factors of l?
2, 3, 5, 7
Let u be (-30)/4*8/(-6). Suppose 4*y - 1 = 19. Suppose -y = -h - 2*w, -w = h - 4*w - u. List the prime factors of h.
7
Suppose 0 = k + k + c + 4, -2*k + 2*c + 2 = 0. Let h = k + 5. Suppose -h*n - 13 = -3*v, v - 27 = -4*v + 4*n. What are the prime factors of v?
7
Let a = 6 + -10. Let s be 3/(a/(8/3)). What are the prime factors of s/6*27/(-1)?
3
Let v = -9 + 19. List the prime factors of v.
2, 5
Let z(a) be the second derivative of a**5/20 - a**4/2 + 5*a**2/2 - 3*a. Let j be z(6). Suppose 3 = y - j. What are the prime factors of y?
2
Let z = -207 - -122. Let o = z - -142. List the prime factors of o.
3, 19
Suppose 0 = 4*g - 3*a + a - 538, 5*g - 2*a - 672 = 0. List the prime factors of g.
2, 67
Suppose -4*x - 337 = -0*i - 3*i, 0 = -3*i - 3*x + 372. List the prime factors of i.
7, 17
Suppose -38 = 2*w + k - 148, 5*k + 44 = w. Suppose -5*t - g = -0*g - w, 3*t + g = 32. List the prime factors of t.
11
Let l(k) = -19*k**3 + 2*k**2 + k + 3. What are the prime factors of l(-2)?
7, 23
Let a = 14 + -9. Suppose 2*o = 2*i + 2*i - 24, 3*i - 5 = -a*o. What are the prime factors of i?
5
List the prime factors of (16/(-12))/(4/(-12)).
2
Suppose -9*o = -7*o - 66. List the prime factors of o.
3, 11
Let r = -23 - -91. What are the prime factors o